iple of 39?
False
Is 33708 a multiple of 8?
False
Is 4 a factor of 524?
True
Does 23 divide 1909?
True
Is 9 a factor of 3861?
True
Is 73 a factor of 1867?
False
Does 57 divide 717?
False
Is 1134 a multiple of 18?
True
Is 22 a factor of 291?
False
Does 6 divide 1100?
False
Does 74 divide 2220?
True
Is 312 a factor of 2810?
False
Is 6648 a multiple of 12?
True
Is 29 a factor of 232?
True
Is 12696 a multiple of 69?
True
Does 17 divide 139366?
True
Is 1871 a multiple of 38?
False
Is 6480 a multiple of 95?
False
Is 2928 even?
True
Is 8 a factor of 113?
False
Does 7 divide 29078?
True
Does 114 divide 34798?
False
Is 30 a factor of 3683?
False
Is 8171 a multiple of 18?
False
Does 19 divide 70251?
False
Does 8 divide 7848?
True
Is 209 a multiple of 19?
True
Does 21 divide 83874?
True
Is 11620 a multiple of 5?
True
Is 2240 a multiple of 28?
True
Does 8 divide 127?
False
Does 32 divide 8480?
True
Is 12 a factor of 2089?
False
Is 110 a multiple of 13?
False
Is 1819 a multiple of 107?
True
Is 23 a factor of 253?
True
Does 40 divide 227?
False
Does 27 divide 945?
True
Does 22 divide 409?
False
Does 11 divide 235?
False
Does 12 divide 2760?
True
Does 5 divide 1947?
False
Is 2 a factor of 6008?
True
Is 45 a factor of 847?
False
Is 14 a factor of 462?
True
Is 72 a factor of 20736?
True
Does 22 divide 1650?
True
Is 218 a multiple of 7?
False
Does 56 divide 207?
False
Does 9 divide 7463?
False
Is 20 a factor of 92137?
False
Does 58 divide 116?
True
Is 10 a factor of 580?
True
Is 1893 a multiple of 63?
False
Does 9 divide 7472?
False
Is 445 a multiple of 4?
False
Is 200 a multiple of 4?
True
Does 21 divide 42?
True
Is 5829 a multiple of 25?
False
Does 13 divide 3446?
False
Is 35 a factor of 233?
False
Does 8 divide 2008?
True
Does 25 divide 275?
True
Is 795 a multiple of 53?
True
Is 8 a factor of 808?
True
Is 9 a factor of 324?
True
Does 36 divide 1044?
True
Is 17040 a multiple of 120?
True
Does 79 divide 100?
False
Is 2263 a multiple of 31?
True
Is 59080 a multiple of 13?
False
Is 11 a factor of 462?
True
Is 38 a factor of 2546?
True
Is 537 a multiple of 9?
False
Is 10050 a multiple of 25?
True
Is 1232 a multiple of 44?
True
Is 40120 a multiple of 20?
True
Does 13 divide 3731?
True
Is 810 a multiple of 14?
False
Is 14200 a multiple of 200?
True
Does 296 divide 55944?
True
Is 19 a factor of 769?
False
Is 22 a factor of 3432?
True
Does 42 divide 2910?
False
Does 14 divide 476?
True
Is 1621 a multiple of 34?
False
Does 16 divide 1040?
True
Is 94 a factor of 6768?
True
Is 6 a factor of 97?
False
Is 800 a multiple of 10?
True
Is 87 a factor of 19981?
False
Is 2859 a multiple of 160?
False
Does 24 divide 1043?
False
Is 25100 a multiple of 25?
True
Is 77 a factor of 66677?
False
Is 1236 a multiple of 100?
False
Is 4348 a multiple of 19?
False
Is 13 a factor of 274?
False
Is 18599 a multiple of 11?
False
Does 2 divide 557?
False
Is 357 a multiple of 11?
False
Is 30 a factor of 684?
False
Is 49315 a multiple of 77?
False
Is 3 a factor of 196?
False
Is 28506 a multiple of 52?
False
Does 31 divide 6882?
True
Is 14 a factor of 574?
True
Is 85 a factor of 255?
True
Is 3 a factor of 1380?
True
Is 37878 a multiple of 97?
False
Does 40 divide 945?
False
Is 11 a factor of 1355?
False
Is 871 a multiple of 13?
True
Is 52 a factor of 650?
False
Is 19 a factor of 66024?
False
Is 63 a factor of 31867?
False
Is 5 a factor of 8334?
False
Does 14 divide 12042?
False
Is 3666 a multiple of 15?
False
Does 160 divide 3007?
False
Is 9 a factor of 828?
True
Does 56 divide 9968?
True
Is 96607 a multiple of 9?
False
Is 2563 a multiple of 3?
False
Is 761 a multiple of 9?
False
Does 75 divide 13949?
False
Does 103 divide 1854?
True
Is 21 a factor of 1086?
False
Is 21 a factor of 550?
False
Is 7 a factor of 17080?
True
Is 46 a factor of 665?
False
Is 204 a factor of 53165?
False
Is 5 a factor of 5122?
False
Does 2 divide 124?
True
Is 8 a factor of 80?
True
Does 27 divide 351?
True
Is 452 a multiple of 25?
False
Does 55 divide 1485?
True
Is 2116 a multiple of 47?
False
Is 67 a factor of 548?
False
Is 1591 a multiple of 5?
False
Does 9 divide 8217?
True
Does 13 divide 2351?
False
Is 27 a factor of 981?
False
Is 5 a factor of 3455?
True
Is 6150 a multiple of 10?
True
Is 4620 a multiple of 14?
True
Is 1141 a multiple of 27?
False
Does 41 divide 1845?
True
Is 400 a multiple of 8?
True
Is 105 a factor of 1260?
True
Is 15 a factor of 669?
False
Is 687 a multiple of 3?
True
Is 55 a multiple of 11?
True
Does 25 divide 97675?
True
Does 169 divide 13902?
False
Is 272 a multiple of 16?
True
Is 119 a factor of 49742?
True
Is 28187 a multiple of 98?
False
Is 65 a factor of 26517?
False
Is 12 a factor of 5052?
True
Does 68 divide 2292?
False
Is 8631 a multiple of 9?
True
Is 2819 even?
False
Is 4 a factor of 181?
False
Is 16 a factor of 1824?
True
Does 5 divide 25569?
False
Does 7 divide 3851?
False
Is 2 a factor of 100?
True
Does 180 divide 28760?
False
Is 58 a factor of 113?
False
Is 16 a factor of 784?
True
Is 49 a factor of 40197?
False
Is 765 a multiple of 51?
True
Is 132 a multiple of 22?
True
Is 17 a multiple of 10?
False
Is 129 a factor of 5418?
True
Is 4628 a multiple of 20?
False
Does 27 divide 25974?
True
Does 244 divide 49970?
False
Is 154 a factor of 44044?
True
Does 42 divide 2420?
False
Is 76 a factor of 4781?
False
Does 6 divide 17529?
False
Is 21 a factor of 575?
False
Is 22 a factor of 1232?
True
Is 3144 a multiple of 3?
True
Is 78 a multiple of 6?
True
Does 6 divide 935?
False
Does 35 divide 10395?
True
Does 21 divide 260?
False
Does 26 divide 1350?
False
Is 3302 a multiple of 26?
True
Is 23316 a multiple of 116?
True
Does 4 divide 88?
True
Is 5566 a multiple of 23?
True
Is 9 a factor of 1223?
False
Is 52 a factor of 5970?
False
Is 46 a factor of 2103?
False
Is 9 a factor of 3158?
False
Is 220 a multiple of 5?
True
Does 7 divide 1839?
False
Is 6 a factor of 5532?
True
Is 23075 a multiple of 71?
True
Does 12 divide 3895?
False
Is 15063 a multiple of 15?
False
Is 19936 a multiple of 91?
False
Does 84 divide 1008?
True
Is 780 a multiple of 60?
True
Is 128 a multiple of 3?
False
Is 24234 a multiple of 42?
True
Is 3954 a multiple of 9?
False
Is 365 a multiple of 17?
False
Does 38 divide 90?
False
Is 95 a factor of 871?
False
Is 98490 a multiple of 364?
False
Is 370 a multiple of 37?
True
Does 29 divide 10063?
True
Is 119 even?
False
Is 180 a multiple of 10?
True
Is 161 a multiple of 13?
False
Does 3 divide 39?
True
Is 19 a factor of 3985?
False
Is 25 a factor of 900?
True
Is 11 a factor of 55?
True
Does 14 divide 44598?
False
Is 34320 a multiple of 78?
True
Is 107 a factor of 931?
False
Is 18 a factor of 20835?
False
Is 33605 a multiple of 6?
False
Does 9 divide 13923?
True
Does 44 divide 704?
True
Is 6 a factor of 1308?
True
Is 13 a factor of 910?
True
Is 5 a factor of 62?
False
Is 3143 a multiple of 15?
False
Is 2 a factor of 406?
True
Does 38 divide 2964?
True
Is 2205 a multiple of 63?
True
Is 8658 a multiple of 39?
True
Does 39 divide 1178?
False
Is 12 a multiple of 12?
True
Does 31 divide 2821?
True
Does 40 divide 4600?
True
Is 3550 a multiple of 71?
True
Is 6630 a multiple of 10?
True
Does 80 divide 17840?
True
Is 27 a factor of 84?
False
Does 5 divide 898?
False
Does 12 divide 2235?
False
Is 8113 a multiple of 19?
True
Is 59 a factor of 1888?
True
Is 55 a factor of 1251?
False
Does 25 divide 375?
True
Is 14 a factor of 980?
True
Is 129 a factor of 56502?
True
Is 35 a factor of 7231?
False
Is 32 a factor of 105980?
False
Is 37288 a multiple of 118?
True
Is 1738 a multiple of 79?
True
Does 28 divide 562?
False
Is 19 a factor of 77564?
False
Is 44981 a multiple of 28?
False
Is 21 a factor of 575?
False
Is 103 a factor of 6349?
False
Is 29 a factor of 319?
True
Does 47 divide 2538?
True
Does 37 divide 9176?
True
Is 4164 a multiple of 48?
False
Is 144 a factor of 35288?
False
Does 34 divide 7310?
True
Is 7904 a multiple of 208?
True
Is 37 a factor of 1192?
False
Does 10 divide 1283?
False
Is 44928 a multiple of 96?
True
Does 2 divide 52?
True
Is 9723 a multiple of 41?
False
Is 216 a multiple of 2?
True
Is 19 a factor of 464?
False
Is 497 a multiple of 2?
False
Does 16 divide 7552?
True
Is 39 a factor of 87009?
True
Is 24 a factor of 61392?
True
Does 81 divide 972?
True
Does 4 divide 64011?
F